is divided by j.
0
What is the remainder when 6 is divided by (-25)/(-9) + (100/(-45))/(-10)?
0
Calculate the remainder when 377 is divided by ((-3)/(-7))/((10 + -2)/392).
20
Let w(k) = 5*k + 13. Calculate the remainder when w(2) is divided by 40/6 + 3/9.
2
Let q(i) = 100*i + 0 + 1 - 30*i - 44*i. What is the remainder when q(3) is divided by 14?
9
Let x = 39 + -24. Suppose -4*v = -9*v + x. Calculate the remainder when ((-40)/(-6))/(2/v) is divided by 7.
3
Suppose -3*n + 4*j = -86, 0 = -n - 4*j + 17 + 17. Let f(i) = -89*i**3. Let p be f(-1). Suppose 7*u - p = 6*u. What is the remainder when u is divided by n?
29
Let g = 420 - 391. What is the remainder when 141 is divided by g?
25
Suppose 1315 = 5*a + 3*g + 2*g, 1038 = 4*a - 3*g. Calculate the remainder when a is divided by 33.
30
Suppose 4*d - 4*p = 12, 5*d - 4*p - 5 = -9*p. Suppose 0 = f + 2*f - 6, -4*k + d*f = -436. What is the remainder when k is divided by 37?
36
Suppose 7*x - 10 = 2*x. Suppose -x*r - r + 5*c = 630, 4*c - 12 = 0. Let k = -127 - r. What is the remainder when k is divided by 20?
18
Suppose -3*l - 1 = -13. Let z = -136 - -314. Suppose l*h = -5*s - h + 430, 5*h = -2*s + z. Calculate the remainder when s is divided by 29.
26
Let z(h) = -h**2 - 22*h + 33. Calculate the remainder when 89 is divided by z(-23).
9
Let n(r) = -5*r**2 - 2*r + 56. Calculate the remainder when 118 is divided by n(0).
6
Suppose 55 = -19*s + 24*s. Calculate the remainder when 97 is divided by s.
9
Suppose 1432 = 67*r - 1583. What is the remainder when 1528 is divided by r?
43
Suppose -113*y + 504 = -99*y. Calculate the remainder when y is divided by 23.
13
Suppose 6*w + 17 = v + 2*w, 2*w - 9 = -3*v. What is the remainder when 20/(-6)*(-72)/v is divided by 25?
23
Suppose 10*g + 240 = 26*g. Let k(l) = l + 6. Let j be k(-7). Let q(c) = 5*c**2 - c. What is the remainder when g is divided by q(j)?
3
Let p(j) = -2*j + 5. Let u be p(0). Let w(m) = m - 2. Let t be w(u). Suppose t*x - 4 = -0*h + h, 0 = 3*h - 5*x. What is the remainder when 14 is divided by h?
4
Let q = 331 + -306. What is the remainder when 47 is divided by q?
22
Let r(v) = -v**3 - 5*v**2 + v + 5. Let z = -795 - -185. What is the remainder when r(-6) is divided by 4/14 - z/70?
8
Suppose 7*l = -7*l - 196. What is the remainder when 34 is divided by ((-738)/(-63) - 4/l) + -3?
7
Let o = -37 - 52. Let q = o + 37. Let b = -33 - q. Calculate the remainder when 73 is divided by b.
16
Let m = 24 + 31. Suppose m = 2*u - 9. What is the remainder when u is divided by (-8)/(-12) - 245/(-15)?
15
Let l(n) = -n**3 + 16*n**2 + 61*n - 19. Calculate the remainder when 283 is divided by l(19).
55
Let t = 3 - -1. Suppose -n = 3*j + 2*n - 6, -t*j + 10 = 3*n. Calculate the remainder when (26/4)/((-2 + -6)/(-16)) is divided by j.
1
What is the remainder when -2 - 15/(-9) - (-1791)/27 is divided by 12?
6
Let r = -1203 - -1262. What is the remainder when r is divided by 15?
14
Suppose 8*o - 3*o + 3*u = 1491, 594 = 2*o + 2*u. Suppose -3*s + 2*h = -110, -5*s - 3*h = -o + 85. What is the remainder when s is divided by 190/14 - 3/(-7)?
12
Suppose -x = 2*d - 0*x + 26, -39 = 3*d + 5*x. Let v = d + 11. Calculate the remainder when 14 is divided by (-1)/v + (-135)/(-18).
6
Suppose -7*m + 556 = -354. Calculate the remainder when m is divided by 33.
31
Let a(i) = -2*i**2 - 16*i + 23. Let j be a(-10). Let w = j - -82. What is the remainder when w is divided by 21?
2
Let c(i) = -i**3 - 24*i**2 - 21*i + 51. Let p be c(-23). Suppose 3*m + 3*n = -0*n + 48, 0 = 3*m - p*n - 32. Calculate the remainder when m is divided by 5.
4
Calculate the remainder when 27 is divided by 0 - (-4 - -3) - 114/(-6).
7
Suppose 4*p - 1363 = 3*s, p - 8*s + 10*s - 338 = 0. What is the remainder when p is divided by 21?
4
Suppose 5*w + 2*i + 2*i = 279, -2*i = 2*w - 110. Suppose -4*d + 5*q = -2*d - 81, q - 79 = -3*d. Let h = d - 8. What is the remainder when w is divided by h?
19
Let v = 489 - 354. What is the remainder when v is divided by 34?
33
Suppose -5*s + 18 = 8. Calculate the remainder when 36 is divided by (s/4)/(-5 + 324/64).
4
Suppose 0 = -4*h + 52 - 4. Let y = h - 32. Calculate the remainder when 47 is divided by ((-84)/35)/(3/y).
15
Let f = 836 + -835. Suppose 4*n - 13 - 1 = -2*l, 0 = 4*n - l - 17. Calculate the remainder when 72/30 - n/10 is divided by f.
0
Suppose 0 = 8941*v - 8947*v + 138. Let n = 99 - 239. Let z = 207 + n. What is the remainder when z is divided by v?
21
What is the remainder when 102 is divided by (-108)/((-3)/1) - (15 - 14)?
32
Let m = 99 - 19. What is the remainder when m is divided by 28?
24
Suppose 20*i - 36 = 244. Calculate the remainder when 39 is divided by i.
11
Calculate the remainder when 182 is divided by (-1)/7*-333 + 618/1442.
38
Let c = 10 + 23. What is the remainder when c is divided by ((-3)/(-1))/3 + 21 + -10?
9
Suppose 290 = 5*o - 60. Let b = -41 + o. Calculate the remainder when b is divided by (-14)/(-56) - (-195)/20.
9
Let c(l) = -17*l**3 - 4*l**2 + 5*l + 14. What is the remainder when c(-2) is divided by 5?
4
Suppose 0 = 3*r - 4*r + 46. Suppose -v = -2*t + v + 50, -2*v = 2*t - r. What is the remainder when 93 is divided by t?
21
Let j = 66 - -4. Calculate the remainder when 5208/j - 3/(-5) is divided by 11.
9
Suppose 4*x - 25 = -18*x + 239. Calculate the remainder when 6/21 - 1648/(-14) is divided by x.
10
Let l(j) = 3*j**3 - 13*j**2 + 0 + 6*j + 6 - 11. Calculate the remainder when 19 is divided by l(4).
1
Let z = 13 - -1. Suppose 0 = -2*l + 512 + 28. Suppose h + 4*h - l = 0. Calculate the remainder when h is divided by z.
12
Suppose -q - 5 = 0, 0 = -5*n - 4*q + 357 + 763. Calculate the remainder when n is divided by 20.
8
Let z(v) = v**3 - 8*v**2 - 3*v + 27. Let k be z(8). Let a(c) = 3*c**2 - 7*c + 5. Calculate the remainder when 20/(((-8)/(-6))/2) is divided by a(k).
8
Suppose c - 12*y + 10*y = 151, 5*c + y = 700. Calculate the remainder when c is divided by 30.
21
Let q be (-4)/22 - (-216)/99. Suppose 0*i - 4 = -q*i - 2*f, 0 = i - 2*f - 5. Suppose 21 + i = 2*l. What is the remainder when l is divided by 5?
2
Let l(p) = 224*p**2 - 4*p - 7 - 230*p**2 + 1 + p**3. What is the remainder when (-70)/4*16/(-10) is divided by l(7)?
13
Let a = 34 + -26. Calculate the remainder when 85 is divided by a.
5
Let q(h) = 2*h**2 - 4*h + 2. Let g be q(2). Suppose -10 = -g*t + 8. Let s(r) = 4*r**2 - 2*r + 1. Calculate the remainder when s(-3) is divided by t.
7
Let f be (-4)/20 + 3/(13 - -2). Suppose 3*b = -5*y + 376, f = -2*b + 4 - 0. What is the remainder when y is divided by 26?
22
Let l be (5 + 10)*(-28)/(-4). Suppose -4*d + o = -l, -3*d - 5*o = -4*d + 12. Calculate the remainder when d is divided by 10.
7
Let u = 8 + -7. What is the remainder when 61 is divided by u*(-1 + -3) + 26?
17
Let r = -4 + 18. Let s(c) = c**3 - 12*c**2 + 12*c - 3. Suppose 0 = 3*q - 4*o - 17, 3*o = 2*q - 5*q + 45. Calculate the remainder when r is divided by s(q).
6
Let b be (-3)/(27/(-33))*-3. Let w = 1 - b. What is the remainder when 21 is divided by w?
9
Let j = 15 + -14. Let g be 63/(-5) - 6/15. Let w = j - g. Calculate the remainder when 25 is divided by w.
11
Let p = 119 + -26. Calculate the remainder when p is divided by 47.
46
Let k = 177 + -123. Let f = -21 + k. What is the remainder when f is divided by 10?
3
Let g be 2/6 + (-392)/(-21). Suppose 3*w + g = 2*y, 4*y - 24 - 5 = -3*w. Let m(l) = 3*l + 7. Calculate the remainder when m(5) is divided by y.
6
What is the remainder when 6/(30/65)*(0 + 7) is divided by 20?
11
Let d(j) be the second derivative of -j**4/12 - 3*j**3/2 + 8*j**2 - 21*j. What is the remainder when 45 is divided by d(-9)?
13
Suppose 47*w - 52*w + 695 = 0. Calculate the remainder when w is divided by 36.
31
Suppose -15 = -5*y - 0. Suppose -y*h - 2*p + 114 = 0, -3*p + 275 - 84 = 5*h. Calculate the remainder when (-8)/h + (-242)/(-10) is divided by 9.
6
Suppose 5*m = -x - x - 5, m = -5*x - 1. Suppose 0 = -x*r - 5*r + 15. Suppose -r*f - f + 48 = 0. Calculate the remainder when 23 is divided by f.
11
Let r(n) = 3*n**2 - 17*n - 8. Let y be r(6). What is the remainder when (-4)/((-4)/35) + (y - -2) is divided by 18?
17
Suppose 4*c = 0, 3*c = -3*u + 89 - 23. Calculate the remainder when 108 is divided by u.
20
Let m = -148 - -256. Calculate the remainder when m is divide